{"version":"1.0","provider_name":"Principios","provider_url":"https:\/\/diarioprincipios.com","title":"Mussi inaugur\u00f3 el Registro Provincial de Hudson - Principios","type":"rich","width":600,"height":338,"html":"<blockquote class=\"wp-embedded-content\" data-secret=\"ISD2Fuyw0n\"><a href=\"https:\/\/diarioprincipios.com\/index.php\/2025\/06\/03\/mussi-inauguro-el-registro-provincial-de-hudson\/\">Mussi inaugur\u00f3 el Registro Provincial de Hudson<\/a><\/blockquote><iframe sandbox=\"allow-scripts\" security=\"restricted\" src=\"https:\/\/diarioprincipios.com\/index.php\/2025\/06\/03\/mussi-inauguro-el-registro-provincial-de-hudson\/embed\/#?secret=ISD2Fuyw0n\" width=\"600\" height=\"338\" title=\"\u00abMussi inaugur\u00f3 el Registro Provincial de Hudson\u00bb \u2014 Principios\" data-secret=\"ISD2Fuyw0n\" frameborder=\"0\" marginwidth=\"0\" marginheight=\"0\" scrolling=\"no\" class=\"wp-embedded-content\"><\/iframe><script>\n\/*! This file is auto-generated *\/\n!function(d,l){\"use strict\";l.querySelector&&d.addEventListener&&\"undefined\"!=typeof URL&&(d.wp=d.wp||{},d.wp.receiveEmbedMessage||(d.wp.receiveEmbedMessage=function(e){var t=e.data;if((t||t.secret||t.message||t.value)&&!\/[^a-zA-Z0-9]\/.test(t.secret)){for(var s,r,n,a=l.querySelectorAll('iframe[data-secret=\"'+t.secret+'\"]'),o=l.querySelectorAll('blockquote[data-secret=\"'+t.secret+'\"]'),c=new RegExp(\"^https?:$\",\"i\"),i=0;i<o.length;i++)o[i].style.display=\"none\";for(i=0;i<a.length;i++)s=a[i],e.source===s.contentWindow&&(s.removeAttribute(\"style\"),\"height\"===t.message?(1e3<(r=parseInt(t.value,10))?r=1e3:~~r<200&&(r=200),s.height=r):\"link\"===t.message&&(r=new URL(s.getAttribute(\"src\")),n=new URL(t.value),c.test(n.protocol))&&n.host===r.host&&l.activeElement===s&&(d.top.location.href=t.value))}},d.addEventListener(\"message\",d.wp.receiveEmbedMessage,!1),l.addEventListener(\"DOMContentLoaded\",function(){for(var e,t,s=l.querySelectorAll(\"iframe.wp-embedded-content\"),r=0;r<s.length;r++)(t=(e=s[r]).getAttribute(\"data-secret\"))||(t=Math.random().toString(36).substring(2,12),e.src+=\"#?secret=\"+t,e.setAttribute(\"data-secret\",t)),e.contentWindow.postMessage({message:\"ready\",secret:t},\"*\")},!1)))}(window,document);\n\/\/# sourceURL=https:\/\/diarioprincipios.com\/wp-includes\/js\/wp-embed.min.js\n<\/script>\n","thumbnail_url":"https:\/\/diarioprincipios.com\/wp-content\/uploads\/2025\/06\/MUSSI-INAUGURO-EL-REGISTRO-PROVINCIAL-DE-HUDSON-3.jpg","thumbnail_width":1600,"thumbnail_height":1066,"description":"El domingo 1 de junio se inaugur\u00f3 el nuevo Registro Provincial de las Personas de Hudson, que funciona en el Complejo Cultural Municipal La Humanitaria. El intendente de Berazategui, Juan Jos\u00e9 Mussi, encabez\u00f3 el acto y dej\u00f3 inauguradas tambi\u00e9n nuevas instalaciones del \u00c1rea de Arte P\u00fablico municipal y refacciones en el sector exterior. Estuvo acompa\u00f1ado..."}

Mussi inauguró el Registro Provincial de Hudson - Principios

<blockquote class="wp-embedded-content" data-secret="ISD2Fuyw0n"><a href="https://diarioprincipios.com/index.php/2025/06/03/mussi-inauguro-el-registro-provincial-de-hudson/">Mussi inauguró el Registro Provincial de Hudson</a></blockquote><iframe sandbox="allow-scripts" security="restricted" src="https://diarioprincipios.com/index.php/2025/06/03/mussi-inauguro-el-registro-provincial-de-hudson/embed/#?secret=ISD2Fuyw0n" width="600" height="338" title="«Mussi inauguró el Registro Provincial de Hudson» — Principios" data-secret="ISD2Fuyw0n" frameborder="0" marginwidth="0" marginheight="0" scrolling="no" class="wp-embedded-content"></iframe><script>
/*! This file is auto-generated */
!function(d,l){"use strict";l.querySelector&&d.addEventListener&&"undefined"!=typeof URL&&(d.wp=d.wp||{},d.wp.receiveEmbedMessage||(d.wp.receiveEmbedMessage=function(e){var t=e.data;if((t||t.secret||t.message||t.value)&&!/[^a-zA-Z0-9]/.test(t.secret)){for(var s,r,n,a=l.querySelectorAll('iframe[data-secret="'+t.secret+'"]'),o=l.querySelectorAll('blockquote[data-secret="'+t.secret+'"]'),c=new RegExp("^https?:$","i"),i=0;i<o.length;i++)o[i].style.display="none";for(i=0;i<a.length;i++)s=a[i],e.source===s.contentWindow&&(s.removeAttribute("style"),"height"===t.message?(1e3<(r=parseInt(t.value,10))?r=1e3:~~r<200&&(r=200),s.height=r):"link"===t.message&&(r=new URL(s.getAttribute("src")),n=new URL(t.value),c.test(n.protocol))&&n.host===r.host&&l.activeElement===s&&(d.top.location.href=t.value))}},d.addEventListener("message",d.wp.receiveEmbedMessage,!1),l.addEventListener("DOMContentLoaded",function(){for(var e,t,s=l.querySelectorAll("iframe.wp-embedded-content"),r=0;r<s.length;r++)(t=(e=s[r]).getAttribute("data-secret"))||(t=Math.random().toString(36).substring(2,12),e.src+="#?secret="+t,e.setAttribute("data-secret",t)),e.contentWindow.postMessage({message:"ready",secret:t},"*")},!1)))}(window,document);
//# sourceURL=https://diarioprincipios.com/wp-includes/js/wp-embed.min.js
</script>

El domingo 1 de junio se inauguró el nuevo Registro Provincial de las Personas de Hudson, que funciona en el Complejo Cultural Municipal La Humanitaria. El intendente de Berazategui, Juan José Mussi, encabezó el acto y dejó inauguradas también nuevas instalaciones del Área de Arte Público municipal y refacciones en el sector exterior. Estuvo acompañado...
