{"version":"1.0","provider_name":"Principios","provider_url":"https:\/\/diarioprincipios.com","title":"Los Amados cerraron el Ciclo de Verano 2025 - Principios","type":"rich","width":600,"height":338,"html":"<blockquote class=\"wp-embedded-content\" data-secret=\"5Dehu5G7Lh\"><a href=\"https:\/\/diarioprincipios.com\/index.php\/2025\/03\/08\/los-amados-cerraron-el-ciclo-de-verano-2025\/\">Los Amados cerraron el Ciclo de Verano 2025<\/a><\/blockquote><iframe sandbox=\"allow-scripts\" security=\"restricted\" src=\"https:\/\/diarioprincipios.com\/index.php\/2025\/03\/08\/los-amados-cerraron-el-ciclo-de-verano-2025\/embed\/#?secret=5Dehu5G7Lh\" width=\"600\" height=\"338\" title=\"\u00abLos Amados cerraron el Ciclo de Verano 2025\u00bb \u2014 Principios\" data-secret=\"5Dehu5G7Lh\" frameborder=\"0\" marginwidth=\"0\" marginheight=\"0\" scrolling=\"no\" class=\"wp-embedded-content\"><\/iframe><script>\n\/*! This file is auto-generated *\/\n!function(d,l){\"use strict\";l.querySelector&&d.addEventListener&&\"undefined\"!=typeof URL&&(d.wp=d.wp||{},d.wp.receiveEmbedMessage||(d.wp.receiveEmbedMessage=function(e){var t=e.data;if((t||t.secret||t.message||t.value)&&!\/[^a-zA-Z0-9]\/.test(t.secret)){for(var s,r,n,a=l.querySelectorAll('iframe[data-secret=\"'+t.secret+'\"]'),o=l.querySelectorAll('blockquote[data-secret=\"'+t.secret+'\"]'),c=new RegExp(\"^https?:$\",\"i\"),i=0;i<o.length;i++)o[i].style.display=\"none\";for(i=0;i<a.length;i++)s=a[i],e.source===s.contentWindow&&(s.removeAttribute(\"style\"),\"height\"===t.message?(1e3<(r=parseInt(t.value,10))?r=1e3:~~r<200&&(r=200),s.height=r):\"link\"===t.message&&(r=new URL(s.getAttribute(\"src\")),n=new URL(t.value),c.test(n.protocol))&&n.host===r.host&&l.activeElement===s&&(d.top.location.href=t.value))}},d.addEventListener(\"message\",d.wp.receiveEmbedMessage,!1),l.addEventListener(\"DOMContentLoaded\",function(){for(var e,t,s=l.querySelectorAll(\"iframe.wp-embedded-content\"),r=0;r<s.length;r++)(t=(e=s[r]).getAttribute(\"data-secret\"))||(t=Math.random().toString(36).substring(2,12),e.src+=\"#?secret=\"+t,e.setAttribute(\"data-secret\",t)),e.contentWindow.postMessage({message:\"ready\",secret:t},\"*\")},!1)))}(window,document);\n\/\/# sourceURL=https:\/\/diarioprincipios.com\/wp-includes\/js\/wp-embed.min.js\n<\/script>\n","thumbnail_url":"https:\/\/diarioprincipios.com\/wp-content\/uploads\/2025\/03\/LOS-AMADOS-CERRARON-EL-CICLO-DE-VERANO-2025-EN-BERAZATEGUI-2.jpg","thumbnail_width":1920,"thumbnail_height":1280,"description":"El s\u00e1bado 1 de marzo, Los Amados se presentaron con su espect\u00e1culo de boleros, cumbia tropical y humor ante un Centro Municipal de Actividades Roberto De Vicenzo repleto. De esta manera, cerraron la edici\u00f3n 2025 del tradicional Ciclo de Verano que organiza todos los a\u00f1os la Secretar\u00eda de Cultura y Educaci\u00f3n de Berazategui. Sobre el..."}

El sábado 1 de marzo, Los Amados se presentaron con su espectáculo de boleros, cumbia tropical y humor ante un Centro Municipal de Actividades Roberto De Vicenzo repleto. De esta manera, cerraron la edición 2025 del tradicional Ciclo de Verano que organiza todos los años la Secretaría de Cultura y Educación de Berazategui. Sobre el...
