{"version":"1.0","provider_name":"Principios","provider_url":"https:\/\/diarioprincipios.com","title":"Sigue adelante el Ciclo 2025 de Cultura - Principios","type":"rich","width":600,"height":338,"html":"<blockquote class=\"wp-embedded-content\" data-secret=\"BaPc7w40BI\"><a href=\"https:\/\/diarioprincipios.com\/index.php\/2025\/01\/28\/sigue-adelante-el-ciclo-2025-de-cultura\/\">Sigue adelante el Ciclo 2025 de Cultura<\/a><\/blockquote><iframe sandbox=\"allow-scripts\" security=\"restricted\" src=\"https:\/\/diarioprincipios.com\/index.php\/2025\/01\/28\/sigue-adelante-el-ciclo-2025-de-cultura\/embed\/#?secret=BaPc7w40BI\" width=\"600\" height=\"338\" title=\"\u00abSigue adelante el Ciclo 2025 de Cultura\u00bb \u2014 Principios\" data-secret=\"BaPc7w40BI\" frameborder=\"0\" marginwidth=\"0\" marginheight=\"0\" scrolling=\"no\" class=\"wp-embedded-content\"><\/iframe><script>\n\/*! This file is auto-generated *\/\n!function(d,l){\"use strict\";l.querySelector&&d.addEventListener&&\"undefined\"!=typeof URL&&(d.wp=d.wp||{},d.wp.receiveEmbedMessage||(d.wp.receiveEmbedMessage=function(e){var t=e.data;if((t||t.secret||t.message||t.value)&&!\/[^a-zA-Z0-9]\/.test(t.secret)){for(var s,r,n,a=l.querySelectorAll('iframe[data-secret=\"'+t.secret+'\"]'),o=l.querySelectorAll('blockquote[data-secret=\"'+t.secret+'\"]'),c=new RegExp(\"^https?:$\",\"i\"),i=0;i<o.length;i++)o[i].style.display=\"none\";for(i=0;i<a.length;i++)s=a[i],e.source===s.contentWindow&&(s.removeAttribute(\"style\"),\"height\"===t.message?(1e3<(r=parseInt(t.value,10))?r=1e3:~~r<200&&(r=200),s.height=r):\"link\"===t.message&&(r=new URL(s.getAttribute(\"src\")),n=new URL(t.value),c.test(n.protocol))&&n.host===r.host&&l.activeElement===s&&(d.top.location.href=t.value))}},d.addEventListener(\"message\",d.wp.receiveEmbedMessage,!1),l.addEventListener(\"DOMContentLoaded\",function(){for(var e,t,s=l.querySelectorAll(\"iframe.wp-embedded-content\"),r=0;r<s.length;r++)(t=(e=s[r]).getAttribute(\"data-secret\"))||(t=Math.random().toString(36).substring(2,12),e.src+=\"#?secret=\"+t,e.setAttribute(\"data-secret\",t)),e.contentWindow.postMessage({message:\"ready\",secret:t},\"*\")},!1)))}(window,document);\n\/\/# sourceURL=https:\/\/diarioprincipios.com\/wp-includes\/js\/wp-embed.min.js\n<\/script>\n","thumbnail_url":"https:\/\/diarioprincipios.com\/wp-content\/uploads\/2025\/01\/VERANO-DE-CULTURA-EN-BERAZATEGUI-EL-CICLO-2025-SIGUE-ADELANTE-4.jpg","thumbnail_width":1920,"thumbnail_height":1280,"description":"Cientos de vecinos y vecinas disfrutan de las distintas opciones culturales gratuitas que ofrece el Ciclo de Verano de la Municipalidad de Berazategui, en distintos puntos de la ciudad. De esta manera, el s\u00e1bado 25 de enero se realiz\u00f3 la primera fecha del Festival M\u00fasica del Mundo, en el Complejo Cultural Municipal El Patio, con..."}

Cientos de vecinos y vecinas disfrutan de las distintas opciones culturales gratuitas que ofrece el Ciclo de Verano de la Municipalidad de Berazategui, en distintos puntos de la ciudad. De esta manera, el sábado 25 de enero se realizó la primera fecha del Festival Música del Mundo, en el Complejo Cultural Municipal El Patio, con...
