{"version":"1.0","provider_name":"Principios","provider_url":"https:\/\/diarioprincipios.com","title":"Adriana Varela, Ciudadana Ilustre de Avellaneda - Principios","type":"rich","width":600,"height":338,"html":"<blockquote class=\"wp-embedded-content\" data-secret=\"5O3dGTmC3u\"><a href=\"https:\/\/diarioprincipios.com\/index.php\/2024\/06\/11\/adriana-varela-ciudadana-ilustre-de-avellaneda\/\">Adriana Varela, Ciudadana Ilustre de Avellaneda<\/a><\/blockquote><iframe sandbox=\"allow-scripts\" security=\"restricted\" src=\"https:\/\/diarioprincipios.com\/index.php\/2024\/06\/11\/adriana-varela-ciudadana-ilustre-de-avellaneda\/embed\/#?secret=5O3dGTmC3u\" width=\"600\" height=\"338\" title=\"\u00abAdriana Varela, Ciudadana Ilustre de Avellaneda\u00bb \u2014 Principios\" data-secret=\"5O3dGTmC3u\" frameborder=\"0\" marginwidth=\"0\" marginheight=\"0\" scrolling=\"no\" class=\"wp-embedded-content\"><\/iframe><script>\n\/*! This file is auto-generated *\/\n!function(d,l){\"use strict\";l.querySelector&&d.addEventListener&&\"undefined\"!=typeof URL&&(d.wp=d.wp||{},d.wp.receiveEmbedMessage||(d.wp.receiveEmbedMessage=function(e){var t=e.data;if((t||t.secret||t.message||t.value)&&!\/[^a-zA-Z0-9]\/.test(t.secret)){for(var s,r,n,a=l.querySelectorAll('iframe[data-secret=\"'+t.secret+'\"]'),o=l.querySelectorAll('blockquote[data-secret=\"'+t.secret+'\"]'),c=new RegExp(\"^https?:$\",\"i\"),i=0;i<o.length;i++)o[i].style.display=\"none\";for(i=0;i<a.length;i++)s=a[i],e.source===s.contentWindow&&(s.removeAttribute(\"style\"),\"height\"===t.message?(1e3<(r=parseInt(t.value,10))?r=1e3:~~r<200&&(r=200),s.height=r):\"link\"===t.message&&(r=new URL(s.getAttribute(\"src\")),n=new URL(t.value),c.test(n.protocol))&&n.host===r.host&&l.activeElement===s&&(d.top.location.href=t.value))}},d.addEventListener(\"message\",d.wp.receiveEmbedMessage,!1),l.addEventListener(\"DOMContentLoaded\",function(){for(var e,t,s=l.querySelectorAll(\"iframe.wp-embedded-content\"),r=0;r<s.length;r++)(t=(e=s[r]).getAttribute(\"data-secret\"))||(t=Math.random().toString(36).substring(2,12),e.src+=\"#?secret=\"+t,e.setAttribute(\"data-secret\",t)),e.contentWindow.postMessage({message:\"ready\",secret:t},\"*\")},!1)))}(window,document);\n\/\/# sourceURL=https:\/\/diarioprincipios.com\/wp-includes\/js\/wp-embed.min.js\n<\/script>\n","thumbnail_url":"https:\/\/diarioprincipios.com\/wp-content\/uploads\/2024\/06\/Mesa-de-trabajo-1.png","thumbnail_width":1200,"thumbnail_height":1470,"description":"El acto ser\u00e1 el martes 25 a las 18hs en el CMA y para presenciarlo ya se abri\u00f3 la inscripci\u00f3n previa. Declarada Ciudadana Ilustre por el Honorable Concejo Deliberante de Avellaneda, la artista oriunda de la localidad de Pi\u00f1eiro, ser\u00e1 homenajeada el martes 25 de junio en el Centro Municipal de Arte, ubicado en San..."}

El acto será el martes 25 a las 18hs en el CMA y para presenciarlo ya se abrió la inscripción previa. Declarada Ciudadana Ilustre por el Honorable Concejo Deliberante de Avellaneda, la artista oriunda de la localidad de Piñeiro, será homenajeada el martes 25 de junio en el Centro Municipal de Arte, ubicado en San...
