{"version":"1.0","provider_name":"Principios","provider_url":"https:\/\/diarioprincipios.com","title":"Brindar\u00e1n una Charla sobre Derecho de Familia - Principios","type":"rich","width":600,"height":338,"html":"<blockquote class=\"wp-embedded-content\" data-secret=\"2kJCRgSdC4\"><a href=\"https:\/\/diarioprincipios.com\/index.php\/2024\/04\/16\/brindaran-una-charla-sobre-derecho-de-familia\/\">Brindar\u00e1n una Charla sobre Derecho de Familia<\/a><\/blockquote><iframe sandbox=\"allow-scripts\" security=\"restricted\" src=\"https:\/\/diarioprincipios.com\/index.php\/2024\/04\/16\/brindaran-una-charla-sobre-derecho-de-familia\/embed\/#?secret=2kJCRgSdC4\" width=\"600\" height=\"338\" title=\"\u00abBrindar\u00e1n una Charla sobre Derecho de Familia\u00bb \u2014 Principios\" data-secret=\"2kJCRgSdC4\" frameborder=\"0\" marginwidth=\"0\" marginheight=\"0\" scrolling=\"no\" class=\"wp-embedded-content\"><\/iframe><script>\n\/*! This file is auto-generated *\/\n!function(d,l){\"use strict\";l.querySelector&&d.addEventListener&&\"undefined\"!=typeof URL&&(d.wp=d.wp||{},d.wp.receiveEmbedMessage||(d.wp.receiveEmbedMessage=function(e){var t=e.data;if((t||t.secret||t.message||t.value)&&!\/[^a-zA-Z0-9]\/.test(t.secret)){for(var s,r,n,a=l.querySelectorAll('iframe[data-secret=\"'+t.secret+'\"]'),o=l.querySelectorAll('blockquote[data-secret=\"'+t.secret+'\"]'),c=new RegExp(\"^https?:$\",\"i\"),i=0;i<o.length;i++)o[i].style.display=\"none\";for(i=0;i<a.length;i++)s=a[i],e.source===s.contentWindow&&(s.removeAttribute(\"style\"),\"height\"===t.message?(1e3<(r=parseInt(t.value,10))?r=1e3:~~r<200&&(r=200),s.height=r):\"link\"===t.message&&(r=new URL(s.getAttribute(\"src\")),n=new URL(t.value),c.test(n.protocol))&&n.host===r.host&&l.activeElement===s&&(d.top.location.href=t.value))}},d.addEventListener(\"message\",d.wp.receiveEmbedMessage,!1),l.addEventListener(\"DOMContentLoaded\",function(){for(var e,t,s=l.querySelectorAll(\"iframe.wp-embedded-content\"),r=0;r<s.length;r++)(t=(e=s[r]).getAttribute(\"data-secret\"))||(t=Math.random().toString(36).substring(2,12),e.src+=\"#?secret=\"+t,e.setAttribute(\"data-secret\",t)),e.contentWindow.postMessage({message:\"ready\",secret:t},\"*\")},!1)))}(window,document);\n\/\/# sourceURL=https:\/\/diarioprincipios.com\/wp-includes\/js\/wp-embed.min.js\n<\/script>\n","thumbnail_url":"https:\/\/diarioprincipios.com\/wp-content\/uploads\/2024\/04\/IMG-20240416-WA0038.jpg","thumbnail_width":1600,"thumbnail_height":1200,"description":"Se dictar\u00e1 la charla \u201cDerecho de comunicaci\u00f3n con los hijos en el Derecho de Familia\u201d, en el marco del Ciclo de capacitaciones organizadas por la Municipalidad de Berazategui, el Colegio de Abogados de Quilmes y Abogac\u00eda Organizada de Berazategui Asociaci\u00f3n Civil. Ser\u00e1 el jueves 18 de abril, a las 16.30, en la Sala de Conferencias..."}

Brindarán una Charla sobre Derecho de Familia - Principios

<blockquote class="wp-embedded-content" data-secret="2kJCRgSdC4"><a href="https://diarioprincipios.com/index.php/2024/04/16/brindaran-una-charla-sobre-derecho-de-familia/">Brindarán una Charla sobre Derecho de Familia</a></blockquote><iframe sandbox="allow-scripts" security="restricted" src="https://diarioprincipios.com/index.php/2024/04/16/brindaran-una-charla-sobre-derecho-de-familia/embed/#?secret=2kJCRgSdC4" width="600" height="338" title="«Brindarán una Charla sobre Derecho de Familia» — Principios" data-secret="2kJCRgSdC4" frameborder="0" marginwidth="0" marginheight="0" scrolling="no" class="wp-embedded-content"></iframe><script>
/*! This file is auto-generated */
!function(d,l){"use strict";l.querySelector&&d.addEventListener&&"undefined"!=typeof URL&&(d.wp=d.wp||{},d.wp.receiveEmbedMessage||(d.wp.receiveEmbedMessage=function(e){var t=e.data;if((t||t.secret||t.message||t.value)&&!/[^a-zA-Z0-9]/.test(t.secret)){for(var s,r,n,a=l.querySelectorAll('iframe[data-secret="'+t.secret+'"]'),o=l.querySelectorAll('blockquote[data-secret="'+t.secret+'"]'),c=new RegExp("^https?:$","i"),i=0;i<o.length;i++)o[i].style.display="none";for(i=0;i<a.length;i++)s=a[i],e.source===s.contentWindow&&(s.removeAttribute("style"),"height"===t.message?(1e3<(r=parseInt(t.value,10))?r=1e3:~~r<200&&(r=200),s.height=r):"link"===t.message&&(r=new URL(s.getAttribute("src")),n=new URL(t.value),c.test(n.protocol))&&n.host===r.host&&l.activeElement===s&&(d.top.location.href=t.value))}},d.addEventListener("message",d.wp.receiveEmbedMessage,!1),l.addEventListener("DOMContentLoaded",function(){for(var e,t,s=l.querySelectorAll("iframe.wp-embedded-content"),r=0;r<s.length;r++)(t=(e=s[r]).getAttribute("data-secret"))||(t=Math.random().toString(36).substring(2,12),e.src+="#?secret="+t,e.setAttribute("data-secret",t)),e.contentWindow.postMessage({message:"ready",secret:t},"*")},!1)))}(window,document);
//# sourceURL=https://diarioprincipios.com/wp-includes/js/wp-embed.min.js
</script>

Se dictará la charla “Derecho de comunicación con los hijos en el Derecho de Familia”, en el marco del Ciclo de capacitaciones organizadas por la Municipalidad de Berazategui, el Colegio de Abogados de Quilmes y Abogacía Organizada de Berazategui Asociación Civil. Será el jueves 18 de abril, a las 16.30, en la Sala de Conferencias...
