{"version":"1.0","provider_name":"Principios","provider_url":"https:\/\/diarioprincipios.com","title":"Ferraresi reinaugur\u00f3 una plaza en Barrio Azul - Principios","type":"rich","width":600,"height":338,"html":"<blockquote class=\"wp-embedded-content\" data-secret=\"VR6fprqQUt\"><a href=\"https:\/\/diarioprincipios.com\/index.php\/2024\/04\/12\/ferraresi-reinauguro-una-plaza-en-barrio-azul\/\">Ferraresi reinaugur\u00f3 una plaza en Barrio Azul<\/a><\/blockquote><iframe sandbox=\"allow-scripts\" security=\"restricted\" src=\"https:\/\/diarioprincipios.com\/index.php\/2024\/04\/12\/ferraresi-reinauguro-una-plaza-en-barrio-azul\/embed\/#?secret=VR6fprqQUt\" width=\"600\" height=\"338\" title=\"\u00abFerraresi reinaugur\u00f3 una plaza en Barrio Azul\u00bb \u2014 Principios\" data-secret=\"VR6fprqQUt\" frameborder=\"0\" marginwidth=\"0\" marginheight=\"0\" scrolling=\"no\" class=\"wp-embedded-content\"><\/iframe><script>\n\/*! This file is auto-generated *\/\n!function(d,l){\"use strict\";l.querySelector&&d.addEventListener&&\"undefined\"!=typeof URL&&(d.wp=d.wp||{},d.wp.receiveEmbedMessage||(d.wp.receiveEmbedMessage=function(e){var t=e.data;if((t||t.secret||t.message||t.value)&&!\/[^a-zA-Z0-9]\/.test(t.secret)){for(var s,r,n,a=l.querySelectorAll('iframe[data-secret=\"'+t.secret+'\"]'),o=l.querySelectorAll('blockquote[data-secret=\"'+t.secret+'\"]'),c=new RegExp(\"^https?:$\",\"i\"),i=0;i<o.length;i++)o[i].style.display=\"none\";for(i=0;i<a.length;i++)s=a[i],e.source===s.contentWindow&&(s.removeAttribute(\"style\"),\"height\"===t.message?(1e3<(r=parseInt(t.value,10))?r=1e3:~~r<200&&(r=200),s.height=r):\"link\"===t.message&&(r=new URL(s.getAttribute(\"src\")),n=new URL(t.value),c.test(n.protocol))&&n.host===r.host&&l.activeElement===s&&(d.top.location.href=t.value))}},d.addEventListener(\"message\",d.wp.receiveEmbedMessage,!1),l.addEventListener(\"DOMContentLoaded\",function(){for(var e,t,s=l.querySelectorAll(\"iframe.wp-embedded-content\"),r=0;r<s.length;r++)(t=(e=s[r]).getAttribute(\"data-secret\"))||(t=Math.random().toString(36).substring(2,12),e.src+=\"#?secret=\"+t,e.setAttribute(\"data-secret\",t)),e.contentWindow.postMessage({message:\"ready\",secret:t},\"*\")},!1)))}(window,document);\n\/\/# sourceURL=https:\/\/diarioprincipios.com\/wp-includes\/js\/wp-embed.min.js\n<\/script>\n","thumbnail_url":"https:\/\/diarioprincipios.com\/wp-content\/uploads\/2024\/04\/434562403_971379477681454_8720696005431714847_n.jpg","thumbnail_width":1600,"thumbnail_height":1064,"description":"El intendente y la jefa de Gabinete, Magdalena Sierra participaron tambi\u00e9n de la apertura de un almac\u00e9n cooperativo para el barrio. El jefe comunal de Avellaneda, Jorge Ferraresi, particip\u00f3 de la reinauguraci\u00f3n del parque bautizado por decisi\u00f3n vecinal como \u201cGuillermo Dami\u00e1n Noceto\u201d, en reconocimiento al dirigente y militante social que mucho trabaj\u00f3 y luch\u00f3 por..."}

Ferraresi reinauguró una plaza en Barrio Azul - Principios

<blockquote class="wp-embedded-content" data-secret="VR6fprqQUt"><a href="https://diarioprincipios.com/index.php/2024/04/12/ferraresi-reinauguro-una-plaza-en-barrio-azul/">Ferraresi reinauguró una plaza en Barrio Azul</a></blockquote><iframe sandbox="allow-scripts" security="restricted" src="https://diarioprincipios.com/index.php/2024/04/12/ferraresi-reinauguro-una-plaza-en-barrio-azul/embed/#?secret=VR6fprqQUt" width="600" height="338" title="«Ferraresi reinauguró una plaza en Barrio Azul» — Principios" data-secret="VR6fprqQUt" frameborder="0" marginwidth="0" marginheight="0" scrolling="no" class="wp-embedded-content"></iframe><script>
/*! This file is auto-generated */
!function(d,l){"use strict";l.querySelector&&d.addEventListener&&"undefined"!=typeof URL&&(d.wp=d.wp||{},d.wp.receiveEmbedMessage||(d.wp.receiveEmbedMessage=function(e){var t=e.data;if((t||t.secret||t.message||t.value)&&!/[^a-zA-Z0-9]/.test(t.secret)){for(var s,r,n,a=l.querySelectorAll('iframe[data-secret="'+t.secret+'"]'),o=l.querySelectorAll('blockquote[data-secret="'+t.secret+'"]'),c=new RegExp("^https?:$","i"),i=0;i<o.length;i++)o[i].style.display="none";for(i=0;i<a.length;i++)s=a[i],e.source===s.contentWindow&&(s.removeAttribute("style"),"height"===t.message?(1e3<(r=parseInt(t.value,10))?r=1e3:~~r<200&&(r=200),s.height=r):"link"===t.message&&(r=new URL(s.getAttribute("src")),n=new URL(t.value),c.test(n.protocol))&&n.host===r.host&&l.activeElement===s&&(d.top.location.href=t.value))}},d.addEventListener("message",d.wp.receiveEmbedMessage,!1),l.addEventListener("DOMContentLoaded",function(){for(var e,t,s=l.querySelectorAll("iframe.wp-embedded-content"),r=0;r<s.length;r++)(t=(e=s[r]).getAttribute("data-secret"))||(t=Math.random().toString(36).substring(2,12),e.src+="#?secret="+t,e.setAttribute("data-secret",t)),e.contentWindow.postMessage({message:"ready",secret:t},"*")},!1)))}(window,document);
//# sourceURL=https://diarioprincipios.com/wp-includes/js/wp-embed.min.js
</script>

El intendente y la jefa de Gabinete, Magdalena Sierra participaron también de la apertura de un almacén cooperativo para el barrio. El jefe comunal de Avellaneda, Jorge Ferraresi, participó de la reinauguración del parque bautizado por decisión vecinal como “Guillermo Damián Noceto”, en reconocimiento al dirigente y militante social que mucho trabajó y luchó por...
