{"version":"1.0","provider_name":"Principios","provider_url":"https:\/\/diarioprincipios.com","title":"Un nuevo jard\u00edn maternal para Avellaneda - Principios","type":"rich","width":600,"height":338,"html":"<blockquote class=\"wp-embedded-content\" data-secret=\"1IaoElWoB0\"><a href=\"https:\/\/diarioprincipios.com\/index.php\/2023\/04\/04\/un-nuevo-jardin-maternal-para-avellaneda\/\">Un nuevo jard\u00edn maternal para Avellaneda<\/a><\/blockquote><iframe sandbox=\"allow-scripts\" security=\"restricted\" src=\"https:\/\/diarioprincipios.com\/index.php\/2023\/04\/04\/un-nuevo-jardin-maternal-para-avellaneda\/embed\/#?secret=1IaoElWoB0\" width=\"600\" height=\"338\" title=\"\u00abUn nuevo jard\u00edn maternal para Avellaneda\u00bb \u2014 Principios\" data-secret=\"1IaoElWoB0\" frameborder=\"0\" marginwidth=\"0\" marginheight=\"0\" scrolling=\"no\" class=\"wp-embedded-content\"><\/iframe><script>\n\/*! This file is auto-generated *\/\n!function(d,l){\"use strict\";l.querySelector&&d.addEventListener&&\"undefined\"!=typeof URL&&(d.wp=d.wp||{},d.wp.receiveEmbedMessage||(d.wp.receiveEmbedMessage=function(e){var t=e.data;if((t||t.secret||t.message||t.value)&&!\/[^a-zA-Z0-9]\/.test(t.secret)){for(var s,r,n,a=l.querySelectorAll('iframe[data-secret=\"'+t.secret+'\"]'),o=l.querySelectorAll('blockquote[data-secret=\"'+t.secret+'\"]'),c=new RegExp(\"^https?:$\",\"i\"),i=0;i<o.length;i++)o[i].style.display=\"none\";for(i=0;i<a.length;i++)s=a[i],e.source===s.contentWindow&&(s.removeAttribute(\"style\"),\"height\"===t.message?(1e3<(r=parseInt(t.value,10))?r=1e3:~~r<200&&(r=200),s.height=r):\"link\"===t.message&&(r=new URL(s.getAttribute(\"src\")),n=new URL(t.value),c.test(n.protocol))&&n.host===r.host&&l.activeElement===s&&(d.top.location.href=t.value))}},d.addEventListener(\"message\",d.wp.receiveEmbedMessage,!1),l.addEventListener(\"DOMContentLoaded\",function(){for(var e,t,s=l.querySelectorAll(\"iframe.wp-embedded-content\"),r=0;r<s.length;r++)(t=(e=s[r]).getAttribute(\"data-secret\"))||(t=Math.random().toString(36).substring(2,12),e.src+=\"#?secret=\"+t,e.setAttribute(\"data-secret\",t)),e.contentWindow.postMessage({message:\"ready\",secret:t},\"*\")},!1)))}(window,document);\n\/\/# sourceURL=https:\/\/diarioprincipios.com\/wp-includes\/js\/wp-embed.min.js\n<\/script>\n","thumbnail_url":"https:\/\/diarioprincipios.com\/wp-content\/uploads\/2023\/04\/Screenshot_20230404-142733_Yahoo-Mail.jpg","thumbnail_width":1080,"thumbnail_height":720,"description":"El intendente Jorge Ferraresi, junto con Magdalena Sierra y autoridades educativas, inauguraron el Jard\u00edn Maternal Municipal N\u00ba 24, en Gerli. En el marco del programa municipal Haciendo Escuela, el intendente Jorge Ferraresi particip\u00f3 del acto de inicio de clases en este nuevo centro educativo destinado a ni\u00f1os y ni\u00f1as de entre 45 d\u00edas y 3..."}

Un nuevo jardín maternal para Avellaneda - Principios

<blockquote class="wp-embedded-content" data-secret="1IaoElWoB0"><a href="https://diarioprincipios.com/index.php/2023/04/04/un-nuevo-jardin-maternal-para-avellaneda/">Un nuevo jardín maternal para Avellaneda</a></blockquote><iframe sandbox="allow-scripts" security="restricted" src="https://diarioprincipios.com/index.php/2023/04/04/un-nuevo-jardin-maternal-para-avellaneda/embed/#?secret=1IaoElWoB0" width="600" height="338" title="«Un nuevo jardín maternal para Avellaneda» — Principios" data-secret="1IaoElWoB0" frameborder="0" marginwidth="0" marginheight="0" scrolling="no" class="wp-embedded-content"></iframe><script>
/*! This file is auto-generated */
!function(d,l){"use strict";l.querySelector&&d.addEventListener&&"undefined"!=typeof URL&&(d.wp=d.wp||{},d.wp.receiveEmbedMessage||(d.wp.receiveEmbedMessage=function(e){var t=e.data;if((t||t.secret||t.message||t.value)&&!/[^a-zA-Z0-9]/.test(t.secret)){for(var s,r,n,a=l.querySelectorAll('iframe[data-secret="'+t.secret+'"]'),o=l.querySelectorAll('blockquote[data-secret="'+t.secret+'"]'),c=new RegExp("^https?:$","i"),i=0;i<o.length;i++)o[i].style.display="none";for(i=0;i<a.length;i++)s=a[i],e.source===s.contentWindow&&(s.removeAttribute("style"),"height"===t.message?(1e3<(r=parseInt(t.value,10))?r=1e3:~~r<200&&(r=200),s.height=r):"link"===t.message&&(r=new URL(s.getAttribute("src")),n=new URL(t.value),c.test(n.protocol))&&n.host===r.host&&l.activeElement===s&&(d.top.location.href=t.value))}},d.addEventListener("message",d.wp.receiveEmbedMessage,!1),l.addEventListener("DOMContentLoaded",function(){for(var e,t,s=l.querySelectorAll("iframe.wp-embedded-content"),r=0;r<s.length;r++)(t=(e=s[r]).getAttribute("data-secret"))||(t=Math.random().toString(36).substring(2,12),e.src+="#?secret="+t,e.setAttribute("data-secret",t)),e.contentWindow.postMessage({message:"ready",secret:t},"*")},!1)))}(window,document);
//# sourceURL=https://diarioprincipios.com/wp-includes/js/wp-embed.min.js
</script>

El intendente Jorge Ferraresi, junto con Magdalena Sierra y autoridades educativas, inauguraron el Jardín Maternal Municipal Nº 24, en Gerli. En el marco del programa municipal Haciendo Escuela, el intendente Jorge Ferraresi participó del acto de inicio de clases en este nuevo centro educativo destinado a niños y niñas de entre 45 días y 3...
